. What is the units digit of b?
4
Let c(a) = 4*a - 10. Let s be c(5). Let j = s + 46. Let r = j + -8. What is the tens digit of r?
4
Suppose 4*o + 4*i = o + 307, o + 3*i = 104. Suppose 242 = 15*m - 26*m. Let v = m + o. What is the units digit of v?
9
Let a be 26/(-3)*(-99)/2. Suppose 0 = -21*h - 5751 + 144. Let g = a + h. What is the units digit of g?
2
Suppose 5*u + 3*a - 21 = 0, 0*a + 8 = 2*u + a. Suppose 5*i - 13 = -r, u*r = 2*i - 3*i - 3. Let s(k) = 15*k + 8. What is the units digit of s(i)?
3
Suppose -9711 = -p + 93*f - 88*f, -f + 3 = 0. What is the thousands digit of p?
9
Let w(f) = -19*f - 222. Let l be w(-12). What is the hundreds digit of 2193/l - (-12)/(-8)?
3
Let v be (-194)/(-3)*(3 - 0). Suppose -86 = -9*r - 1157. Let l = v + r. What is the units digit of l?
5
Let d(c) = 20*c + 72. Let x be d(23). Let l = -189 + x. What is the units digit of l?
3
Suppose 176*i - 185*i = -45. Let l(a) = -22 + a**3 - a**2 - 8*a + a + 26. What is the units digit of l(i)?
9
Suppose -177*r - 2337231 = -6346281. What is the ten thousands digit of r?
2
Let r = 38067 + -26618. What is the thousands digit of r?
1
Let g be 8/24 + 309/(-9). Let i = -29 - g. Suppose -i*a = -c + 13, 112 = 4*c - 0*c - 5*a. What is the units digit of c?
3
Suppose c - s - 46 = -0*c, 4*c - 181 = 5*s. Let k = 462 + c. What is the units digit of k?
1
Let g(h) = h - 2. Let o(u) = -5*u + 18. Let f(a) = -4*g(a) - o(a). Let b be f(7). What is the units digit of 3 + (b - 124/(-2))?
2
Let j(k) = 3*k**3 + 36*k**2 - 38*k - 527. What is the tens digit of j(20)?
1
What is the hundreds digit of ((-11)/(-4) + -3)*(-35452 + 148)?
8
Let l = -51 - -54. Suppose -l*n - 96 = 111. Let f = 55 - n. What is the units digit of f?
4
Suppose 0 = -5*h + 4*w + 12, -20*h + 16*h = -2*w - 12. Let l = -289 - -866. Suppose -h*g + l = p + 4*p, -4*g = p - 573. What is the units digit of g?
3
Let n = 2514 + -2510. Suppose 2*q + 62 = -4*c - 0*q, -c - 4*q = 12. What is the units digit of 725/20 + n/c?
6
Let v be (4 - 210/(-36)) + 2/12. Suppose -2280 = -2*u - v*u. What is the tens digit of u?
9
Let q = -438 - -447. What is the tens digit of (-7052)/(-6) + -1 + (-3)/q?
7
Let f = 222 + -222. Suppose -4*t + 381 = -5*m + 1606, t - 5 = f. What is the units digit of m?
9
Suppose c - 2*h + 1119 = 0, c - h = -88 - 1030. Let f = -640 - c. What is the units digit of f?
7
Let k(t) = 9*t**2 + 36*t - 20. Let a be k(-7). Suppose 4*s + 9 = 3*y - a, -2*y + 2*s = -122. What is the tens digit of y?
6
Suppose 19*c = 2451 + 4408. Let k = 560 + c. What is the units digit of k?
1
Let y(n) = -2*n**3 + n**2 + n + 4. Let m be y(0). Suppose -4172 = -m*g + 4*u, -4*u - 2 - 18 = 0. What is the units digit of (4/(-8)*-1)/(3/g)?
3
Suppose -5*n = b - 5, -3*n + 5 = -5*b + 30. Let i be -1 + n + 11 + -10. Suppose -8*d = -i*d - 888. What is the tens digit of d?
1
Let c = 690 + -693. What is the units digit of -3 - -1586 - 16/8*c?
9
Suppose 2*d - 132 + 116 = 0. Let f(k) = 4*k**3 - 13*k**2 - 37*k + 5. What is the hundreds digit of f(d)?
9
Suppose 0 = -2*h + 12, 3*h - 40854 = -41*d + 37*d. What is the tens digit of d?
0
Let g(s) = 13*s + 56. Let l be g(-4). Suppose l*h - 955 - 785 = 0. What is the units digit of h?
5
Let m(s) = 754*s - 363. What is the hundreds digit of m(5)?
4
Suppose 12*c + 18*c = 29*c. Suppose -3*d - 4*d + 4718 = c. What is the hundreds digit of d?
6
What is the hundreds digit of (-3304)/(-413) - (-11618)/2?
8
Suppose -5*q = -20, 5*h + 8*q = 11*q + 88743. What is the tens digit of h?
5
Let l(y) = 2*y**2 + 7*y - 8. Let q be l(3). Let k = q - -19. Let h = 130 - k. What is the tens digit of h?
8
Let d = 63 - 33. Let r = -35 + d. What is the units digit of 4/(-30)*3 - 147/r?
9
Let g(j) = j**3 + 19*j**2 + 39*j + 1. Let p be g(-16). What is the hundreds digit of ((-954)/10)/((-29)/p)?
4
Let l be ((-10)/(-5))/((-2)/(-3)). Suppose l*p - 3*p = p. Suppose p = -v - f + 12, 0 = -3*v + 4*f + 19 + 24. What is the tens digit of v?
1
Let m(i) = i**3 - 7*i**2 - 3*i + 14. Let n be m(7). Let v be 2/13 - 22*n/182. What is the tens digit of v - (-1084)/10 - 24/(-40)?
1
Suppose -8 = -29*y + 50. Let t(f) = f**3 - f**2 - 4*f + 6. What is the units digit of t(y)?
2
Let s be -10 + 5 - (1 + -2). Let x be -7*15/(-21) + (-1 - s). Let q(j) = j**3 - 6*j**2 - 11*j + 30. What is the units digit of q(x)?
0
Suppose 5*i + 0*i = -m + 69, 5*i + 405 = 5*m. Let y = m + -75. Suppose 0 = k - 2*k + 4*t + 83, -4*t + 312 = y*k. What is the units digit of k?
9
Suppose 3*k + 2*r - 2739 = 775, -3*k + 3511 = 5*r. Suppose 2*j - k = 496. What is the tens digit of j?
3
Let q = 45770 - 1279. What is the tens digit of q?
9
Let j = -297 + 47. Let m = 58 - j. What is the units digit of m?
8
Let i(f) = -2*f + 43 - 7*f**3 - 54 + 3 - 6*f**2. What is the hundreds digit of i(-6)?
3
What is the hundreds digit of ((-24)/(-2))/(-12)*-1*1 + 37202?
2
Let t(u) = -83*u - 260. Let v(d) = 251*d + 778. Let o(i) = 7*t(i) + 2*v(i). What is the tens digit of o(-12)?
8
Suppose 38*h - 1526162 = 1230244. What is the ten thousands digit of h?
7
Let j(i) = 2*i - 22 + 3*i**2 + 33 - 3*i. What is the tens digit of j(2)?
2
Suppose 44*g + 31*g = 247275. What is the units digit of g?
7
Let a(d) = 252*d**2 - 81*d - 24. What is the thousands digit of a(-6)?
9
Suppose 0 = -2*x - 2*x - 1252. Let l(c) = 191*c - 206. Let n be l(-2). Let r = x - n. What is the units digit of r?
5
Let i be (1 + 74)*(-6)/(-9). Suppose -5*k = -15, 2*k = -5*x + 3*k - 193. Let h = x + i. What is the units digit of h?
2
What is the tens digit of 6/8 + -28 + 30 + 14212/16?
9
Let u(n) be the third derivative of 47*n**4/6 + 5*n**3/6 + 23*n**2. What is the tens digit of u(4)?
5
Let q(g) = -3*g - 9*g - 10 - 5*g - 7*g. Let m be q(4). Let r = 10 - m. What is the units digit of r?
6
Let y = 721 - -491. Suppose 0 = 3*i - 9, -11*i + 8*i = -3*t + y. What is the hundreds digit of t?
4
Let m be 2 + 4 + (2 - -2). Suppose -99 = -m*l + 91. What is the tens digit of l?
1
Suppose -4*f + 115433 = 3*s, 4*s - 63258 = 3*f + 90661. What is the tens digit of s?
7
What is the ten thousands digit of 42*16/56 + 12776?
1
Let t = 378 + -372. Suppose t*y + 1181 = 3461. What is the hundreds digit of y?
3
Let y be 8/(-10) - (-4)/(-20). Let d(c) = -3*c + 3. Let z be d(y). What is the tens digit of 3/z*(123 - (-2 - -3))?
6
Let y = 290 + -288. Suppose 3*s = -3*l + 2472, 0*s = y*s + 4*l - 1656. What is the tens digit of s?
2
Suppose -6*k - 182 = -278. Suppose -k*w = -14*w - 2684. What is the tens digit of w?
4
Suppose -16168 - 47814 = -5*u + 2*y, 2*y = 4*u - 51188. What is the ten thousands digit of u?
1
Suppose -h - 3*r + 5770 = 0, 3*h = -r + 14326 + 3008. What is the hundreds digit of h?
7
Suppose 3*u - 876 = -n, n - 2*n + 4*u + 841 = 0. Let i = n + 116. What is the units digit of i?
7
Let u(k) = -k**3 + 10*k**2 - 9*k - 8. Let h be u(9). Let w(m) = -m**3 + 20*m**2 + 45*m - 32. Let r be w(22). What is the tens digit of (4/r)/(h/280)?
1
Suppose 6*b = -4*y + 2*b + 104, 0 = -3*y + 2*b + 98. Let r = -27 + y. Let q(s) = 6*s**2 + 3*s - 20. What is the units digit of q(r)?
3
Let h = -181 + 185. What is the hundreds digit of (-10 + (-16)/h)*576/(-28)?
2
Let t be 1920/(-28)*(5 + -103). Suppose 0 = -3*o - 2*o + 3*x + 8400, 4*o + 2*x - t = 0. What is the hundreds digit of o?
6
Suppose 2*p = 436 - 182. Suppose c - 1198 = -p. Suppose -u = 6*u - c. What is the tens digit of u?
5
Let y(n) = n**2 + 6*n - 31. Let a be (-254)/(-4) - 3/18*3. Suppose 0*u - 9*u + a = 0. What is the units digit of y(u)?
0
Suppose 0 = 34*w - 413*w + 22963989. What is the ten thousands digit of w?
6
Suppose -3*f = 4*p - 2*p - 45, -25 = -5*f. Let t(u) be the third derivative of u**5/30 - 2*u**4/3 - 37*u**3/6 - 19*u**2. What is the hundreds digit of t(p)?
1
Let y be (-14 - -1535) + -1 - -2*3. Let z = y + -277. What is the hundreds digit of z?
2
What is the units digit of 1322*14 - 75/(-15)*(-6)/(-15)?
0
Let o(h) = 32*h**2 + 12*h + 11. Let x be o(-6). Suppose -842 = -3*l + 4*p, p - x = l - 5*l. What is the tens digit of l?
7
Let o = 46 + -38. Let m be 22/o - (-2)/8. Suppose 0 = -2*r + m*l + 86 + 30, 2*r - 114 = 2*l. What is the units digit of r?
5
Let w be 2378 + 18/(2 + 4). Suppose 17*f = 6920 - w. What is the tens digit of f?
6
Let h(q) = 912*q + 393. What is the units digit of h(8)?
9
Suppose -1279104 = 3965*p - 3989*p. W